ber?
False
Suppose -7*m + 147547 = -5*v + 7*v, -5*v = 2*m - 42174. Is m prime?
False
Suppose 2*g = -v + 3*g + 304, 2*v - 4*g = 600. Let r be 2/1*(v/8 + 2). Suppose -79*d - 2294 = -r*d. Is d prime?
False
Let u be (-1)/((-5)/715) - 5. Suppose 3*n - 2*o = u, 5*o + 138 = 7*n - 4*n. Suppose -4*c + n = -2*c. Is c a composite number?
False
Suppose 5*f - p - 576994 = 383465, -3*f - 5*p + 576253 = 0. Is f a prime number?
True
Is (-3983369)/(-8) - (-7)/14*17/(-68) a prime number?
False
Let g = 6 - 29. Let f be (14 - -23)*(-2)/(-1). Let s = f + g. Is s composite?
True
Suppose 9*n + 523357 = 1429594. Is n a prime number?
True
Suppose 2*q = 4*c + 551 - 2007, 3*q + 2173 = -5*c. Let r = q + 1245. Is r a prime number?
False
Suppose -10*n - 16*n = -156. Let l = 5092 + -3447. Suppose n*o - o = l. Is o prime?
False
Let h = 85 + -69. Suppose h = -9*i + 5*i. Is -2426*2/(i + 0) a composite number?
False
Suppose 92*n - 95*n = 0. Suppose n = 2*b - 2541 + 359. Is b a composite number?
False
Let u be (-19)/(-114) - -2*7/(-12). Is (u/3*1)/((-53)/263463) a composite number?
False
Suppose -2*f - 14 = 0, -3*r + 2*f - 70571 = -270778. Is r a prime number?
False
Suppose -2*a - 5*t + 4 = 0, 1 + 7 = -2*t. Suppose a*q - 26*q = -7798. Is q a composite number?
False
Suppose 12*j - 3*j = 27711. Let g = 6979 - j. Suppose 8*s - g = 316. Is s composite?
True
Suppose -39*n = -22*n - 2794248 - 1407863. Is n prime?
True
Let b(a) = -539*a**3 + a**2 - a - 5. Let p be b(-2). Suppose 0 = -4*h + 24931 + p. Is h a composite number?
True
Let l(b) = 1387*b**3 - 7*b**2 - b + 16. Is l(3) composite?
True
Let j(q) = -5761*q + 111. Is j(-2) prime?
True
Let a = -15 + 11. Let o(l) = 39*l**2 - 2*l + 2. Let i be o(a). Suppose -i = -6*f + 4*f. Is f a prime number?
True
Is 2/(-4 - ((-8)/6340372 - 4)) prime?
True
Let n(s) = -35376*s**3 + s**2. Suppose 0 = -3*g - 18 + 15. Is n(g) prime?
False
Let h be (-39)/6*(-457 - 1). Let a = -3558 - -8582. Let c = a - h. Is c a composite number?
True
Let u = -11446 + 17363. Suppose -7*z + 11*z - 23700 = -4*y, 0 = y - 3*z - u. Is y a composite number?
False
Suppose -43970052 - 34653008 = -182*o - 17593182. Is o composite?
True
Suppose 0 = -49326*c + 49319*c + 1625519. Is c a prime number?
True
Suppose -4*w - w + 4*v - 11280 = 0, 3*v = -4*w - 8993. Is (10/8)/((-1)/w) a prime number?
False
Let v be (-10 + 11)*(-1 - 2) + -1566. Let f = 2690 + v. Is f a composite number?
True
Let j(n) = -113414*n - 115. Is j(-1) a prime number?
False
Let p be -2 - (-2 - -7)*6/(-15). Suppose l + 182 = -0*g + g, p = -2*g + l + 369. Is g composite?
True
Let f = -89924 + 166123. Is f a composite number?
True
Let g(c) = -16473*c + 5612. Is g(-5) a prime number?
True
Let o be 3 - (-4 + (6 + -4)/(-2)). Suppose -4*k - 9980 = -o*k. Is k composite?
True
Let u be 1 + (-3)/(6/(-938)). Let h be (-114)/19 + 260/45 - 256/(-18). Suppose -5*y + 1 + h = 0, u = g - y. Is g a prime number?
False
Suppose -122*a + 6813789 + 2446255 = 0. Is a prime?
False
Let x(i) = -692*i + 2313. Is x(-70) composite?
False
Let s be 18/(-4)*(-4)/30*10. Let z(g) = g**3 - 7*g**2 - 8*g + 5. Let t be z(8). Suppose t*l + 3*j = 326, -l + 64 + s = -j. Is l a prime number?
True
Let g(y) = y**3 + y**2 + 32*y - 31. Suppose 0 = 19*o - 53 - 232. Is g(o) a composite number?
False
Suppose 0 = v - m - 12589, 4*v - 47534 = -3*m + 2822. Suppose 2*z = 5*x - 12613, -24*x + 4*z = -29*x + v. Is x a prime number?
True
Let n = -138 + 487. Is ((-6 - -2) + -3)*-1*n composite?
True
Is 13/(39/3) + 204232 a composite number?
False
Let b(m) = 4*m**2 - 1. Let f be b(1). Suppose -2*q = -21 + f. Is 1185/10*42/q prime?
False
Let j(p) = 85*p**3 + 48*p**2 - 59*p + 537. Is j(19) composite?
False
Is (-1675059)/(-27) + -2*(-2)/(-18) prime?
True
Let s(z) = -4*z + 18. Let p be s(15). Let t = -44 - p. Is t/5 - 13828/(-20) a prime number?
True
Let f(l) = 144*l - 1. Let y(j) = -j - 3. Let a(g) = 3*f(g) + 6*y(g). Is a(2) a prime number?
False
Let i(j) = 12554*j - 27. Let y(k) = -12551*k + 26. Let q(p) = -5*i(p) - 6*y(p). Is q(1) a prime number?
False
Suppose 5*h + 118898 + 431727 = 5*k, 2*k = 5*h + 220238. Is k a composite number?
False
Suppose 649*i - 676*i = -459. Suppose 25 = r - 2*b + 4, 2*r = 2*b + 42. Suppose -r*p = -i*p - 1780. Is p a prime number?
False
Suppose 7977114 = 304*k - 63533110. Is k composite?
False
Is (4/(-8))/((-33)/1064514) composite?
True
Suppose 0 = 4*y + l - 13, 2*l - 5 + 18 = 5*y. Suppose y*r + 4740 = 3*u, 5*u - 7924 = -9*r + 6*r. Is u composite?
False
Let v = -1 - -4. Suppose a + s = 4, -4 = -5*a + v*s + 16. Suppose z + 916 = 2*n, 0 = -2*n + a*z - 9*z + 904. Is n a composite number?
False
Let q = 70 - 8. Is (-31)/q*(-2 + 1)*2722 a composite number?
False
Suppose 4*s - 9358 = 7*s - 5*c, -c + 3120 = -s. Let b = -1464 - s. Is b a prime number?
True
Let p = 26106 - -62077. Is p a composite number?
True
Is 1 - -953945 - 560/(-70) a prime number?
False
Let g(r) = 241*r**3 + 10*r**2 - 196*r + 24. Is g(11) composite?
False
Suppose 5*v + 96758 = 209*j - 205*j, -v + 96794 = 4*j. Is j a composite number?
False
Let w(r) = -r**3 + r**2 + 14*r - 22. Let y be w(3). Suppose -y*i + 3084 = i + 3*k, -3*k = -i + 1040. Is i prime?
True
Suppose -w + 13 = 53. Let c = 45 + w. Suppose c*f - 8421 = -2*f. Is f a prime number?
False
Let x(a) = a - 15*a - 5*a + a + a**2. Let r be x(-10). Let u = -86 + r. Is u a composite number?
True
Let c(s) be the third derivative of 4*s**5/5 - 7*s**4/12 + 37*s**3/6 - 79*s**2. Is c(9) prime?
False
Let j(f) = -9*f**3 - 11*f**2 - 144*f + 231. Is j(-23) composite?
False
Let h = 4904 - -905. Suppose -3*p = -5*q - h, p - 3*p + 3*q = -3872. Is p/4 + 2/(-8) + 2 composite?
True
Suppose -u = w - 576, 3*w + 0*u = 3*u + 1752. Is w/(-15)*-36 - -1 prime?
False
Let y(c) = 3*c**2 + 69*c + 192. Let o be y(-19). Suppose -86 = -4*b - 6. Is b*-3*993/o a prime number?
False
Suppose -m - 3 = -5, 0 = -2*n - 3*m + 44. Let y(d) = 15 + 12*d**2 + n - 10*d**2 + 5*d. Is y(-5) prime?
True
Let i(c) = 2*c**3 + 4*c**2 - c + 1. Let d be i(-2). Suppose -3 = 2*l + d. Is 701/l*(-5 - -2) a composite number?
False
Is (116/28 - 5)/((-5)/35) - -107293 a composite number?
True
Let x be -5 + 9 - 32/4. Is (-15)/12 + (-1)/x*21841 a prime number?
False
Suppose -104*j - 770947 = -4600331. Is j a composite number?
False
Suppose -82*d - 5154167 + 8948465 = -14719088. Is d prime?
False
Suppose -4*l - 2*w + 14 = 6, 4*w + 4 = -3*l. Suppose -l*n - 4354 = -2*d, d + 4*n - 2184 = -n. Is d prime?
True
Let u = 6753 - -970. Let z = -654 + u. Is z a prime number?
True
Suppose 70 = 13*g + 44. Suppose 4574 = 3*v + g*f - 6363, -5*v + 2*f + 18255 = 0. Is v composite?
True
Let l = -302 - -302. Is l - (-5 + -6 + -6284) a composite number?
True
Let d(q) = q**3 + 20*q**2 - 15*q + 1. Let m be 8/(8/3) - -77. Let o = -90 + m. Is d(o) a composite number?
False
Let r be (5/5 + -6)*(-6)/15. Let v(q) = 2*q**3 - 5*q + 952*q**2 - 922*q**r - 3*q + 7. Is v(-13) composite?
False
Let x(s) = -14*s**2 - 3. Let k be x(3). Suppose -86 + 155 = -3*c. Let u = c - k. Is u a prime number?
False
Let x(a) = -21*a**3 - 31*a**2 - 14*a + 249. Is x(-18) a composite number?
True
Let b(t) = t + 10. Let x be b(-6). Let y(j) = 1 - 4*j - x*j - 7 + 225*j**2 + 15. Is y(2) a prime number?
False
Suppose v - 2*r - 4*r = 131767, -4*r + 131817 = v. Is v composite?
False
Let v(i) = 65*i - 2101. Is v(58) prime?
True
Let b(g) = 75615*g**2 - 101*g - 203. Is b(-2) composite?
False
Let y = 92 - 62. Let k be ((-8202)/(-10) - -1) + 24/y. Suppose 3*o - 658 = -4*q, -o = 5*q + 3*o - k. Is q composite?
True
Is (-1278)/(-994) - 21205904/(-28) prime?
False
Suppose 2*k - 268268 = 3*g, 50*k - 55*k + 670703 = -2*g. Is k prime?
False
Suppose -2*h = 3 + 3. Let y be -4 + -4 + 1845 + h. Let n = -33 + y. Is n a prime number?
True
Suppose -2*m + 252 + 16 = 0. Suppose -3*u + 256 = -m. Suppose 3*h - h = u. Is h composite?
True
Suppose 5*h = 2*h - 6. Let m(w) = -269*w**3 + 3*w**2 + 4*w - 3. Is m(h) composite?
False
Let h(r) = 503*r + 202. Is h(3) a prime number?
False
Let x be (-36)/(-144) + 39/4. Suppose 40 = 3*v + 10. Is (-5)/(v/8) + x prime?
False
Let d(v) = 6*v**3 - 5*v**2 - 5*v - 7. Let c = 90 + -84. Suppose 2*s - c*s = -2*i + 32, -s - 5 = 0. Is d(i) prime?
False
Let p(x) = -7*x**3 - 34*x**2 - 42*x - 65. Let i(z) = 8*z**3 + 34*z**2 + 42*z + 66. Let c(j) = -6*i(